is the value of -5 + 19 + (-5 - (-31 - -14)) - -9?
35
Calculate 17 + 24 + (-13 - 26).
2
Evaluate -3 + (5 + -17 - 10 - -13).
-12
What is the value of (5 - (-8 - 5)) + -36 + 28?
10
Evaluate (-3 - (-9 - -5)) + -11.
-10
Evaluate (17 - 8 - 15) + -3 + 7 + -5.
-7
7 - (21 - 0 - (16 - (32 + -21)))
-9
Calculate -8 + 15 - (51 - 22).
-22
What is the value of 1 - 4 - (1 + -2) - (-297 - -290)?
5
What is the value of -33 + -83 + 103 - (4 + -2 - -2)?
-17
What is the value of 0 + -26 + -1 - (-1 + 4 + -13)?
-17
-143 - -130 - (1 - 4)
-10
-4 - (3 + (-7 - -9) + 8 + -3)
-14
What is the value of 0 + 0 + (-43 + 8 - -25)?
-10
What is the value of 20 + (-4 - (-1 + 7))?
10
What is 4 - (-4 - ((9 + -3 - 24) + 2))?
-8
Evaluate -4 - -17 - 18 - -3.
-2
What is the value of -26 + (9 - -7) + -3?
-13
Evaluate 7 + -25 + 3 + 0.
-15
(0 - (13 + -3) - -9) + -11
-12
(14 - (-11 + 29)) + 11
7
What is -93 + 89 + 24 + 0?
20
What is the value of -2 + 13 - (-20 - -26)?
5
Evaluate -17 - (-8 - (6 - (39 + -10))).
-32
Calculate -9 + -5 + -13 + 21.
-6
What is the value of -3 + 5 + 14 - 14?
2
Calculate 12 + -43 + 20 + -10.
-21
What is the value of (-2 - -8 - (7 - 7)) + -2 - 9?
-5
Evaluate -12 - (4 + (4 - 9)).
-11
(-2 - -1) + 4 + (1 - (12 - -2))
-10
Evaluate -1 - 24 - -28 - (-13 + 2).
14
2 - (6 + 4 + (-6 - 8))
6
Calculate 54 - 53 - (-3 - 1 - (2 + 2)).
9
What is the value of -18 - ((-9 - -1) + -8) - -5?
3
Evaluate (-11 - -18) + 9 - 31.
-15
Calculate 1 + 29 - (-4 + 15).
19
What is the value of -7 - ((8 - -1) + -9 + -6)?
-1
What is (30 - 12) + (-3 - 3) - 2?
10
What is 3 + (-19 - (5 + -5 + -6))?
-10
Calculate -8 - ((2 - -3) + -3) - -3.
-7
What is (9 - 8 - 7) + (5 + -7 - 17)?
-25
What is the value of -20 - 2 - (168 + -184)?
-6
Calculate -7 + (3 - -5 - 7) + 16.
10
What is (-6 + 1 - -4) + -3 + -4 + 24?
16
Calculate -23 + -19 + 0 + 15.
-27
Evaluate -15 - (-10 + 3 + -8 - -12).
-12
What is 19 + (-8 - -8 - 23)?
-4
What is -7 + 22 + 2 - 16?
1
Evaluate 25 + 1 + -17 - -1.
10
What is the value of (-3 - 5) + 8 - ((12 - 6) + 1)?
-7
Calculate -6 - ((-10 - (-1 + 1 + -4)) + 0).
0
(-5 - (6 - 0 - (-10 - -24))) + -16
-13
Calculate (-16 - -5) + (13 - -14).
16
(-2 - -9) + -9 + 15 + -3 + -2
8
Calculate 22 - (-8 + 0 + -76 + 93).
13
Evaluate 7 + -15 + 3 - (3 - (-1 - -3)).
-6
What is -4 - (20 + 3) - (122 - 132)?
-17
Evaluate -29 + 1 + 21 + -21 + -1 + 5.
-24
What is -26 + 35 + 10 - 30?
-11
Calculate -1971 + 1961 - (0 + -41).
31
What is 21 + 9 + (-58 - -31)?
3
Evaluate 1 + -20 + -6 + 16.
-9
(-44 - -43) + 0 + -7 - (10 + -44)
26
Evaluate -14 - -19 - (-13 + 7) - (3 - -2).
6
Evaluate 2 + (2 - (-3 - -2)) - (0 - -3).
2
Calculate 4 - (-17 + 4 + 1).
16
Evaluate (19 - (43 + -10)) + 14 + 1.
1
Evaluate (-41 - -36) + 0 + -1.
-6
Calculate -1 + -7 + 0 + 15 + -1.
6
What is 21 + (13 - (-1 - -23))?
12
Evaluate 16 + (3 - (10 + -7)) - 25.
-9
(50 - 22 - 26) + (-1 - 5) + 5
1
-3 + -8 + -27 + 14
-24
-15 + -5 + 14 + 12
6
Evaluate 6 + 1 + (-9 + -2 - -5) - 13.
-12
What is the value of 2 + (-6 - (-4 + -5)) - 8?
-3
What is the value of 15 - (13 + 3 + 4)?
-5
Calculate (-14 - (-24 - -11)) + -1 + 6 + -14.
-10
What is 29 - 17 - -16 - 15?
13
What is 54 - ((0 - -34) + -8)?
28
Evaluate -7 - (-5 + (0 - 5) + 21).
-18
What is the value of (-4 + 0 - 4) + 1 - (-6 - -5)?
-6
What is -5 + 1 + (0 + -9 - -28 - -4)?
19
-20 - (20 + -41) - 15
-14
What is -29 + (18 - -2 - 3)?
-12
Evaluate -2 + -28 + 3 + 9 - -25.
7
What is the value of -10 + 9 + 6 - 16?
-11
What is the value of 12 - (37 + -8 + -7)?
-10
-2 + 2 - (-2 - -2 - 9 - -10)
-1
Calculate 4 - (37 + -23 + -6 - (-2 + 3)).
-3
Calculate (-20 - -10) + 6 - 9 - -10.
-3
(0 - (15 + -5) - -2) + 3 + -3
-8
32 - (-35 - -28) - 18
21
What is (0 - (3 - 3) - 10) + -15 - 4?
-29
Evaluate (7 - (-1 - -1)) + (0 - -1) + 4.
12
What is the value of (-36 - (-7 - 18)) + -24?
-35
Calculate -11 + (-9 - 0) + (-18 + 9 - -23).
-6
What is (-4 - 1) + 1 + -1 - (-10 + 14)?
-9
2 + -4 + -3 + (-12 - 5)
-22
What is the value of (7 + -1 - (3 - 3)) + (-18 - -2)?
-10
Evaluate 2 + (0 - 4 - 13) + 31.
16
Calculate (50 - 96) + (37 - -6).
-3
What is -7 + (6 - (-13 - -18))?
-6
What is -3 + (-3 - 2) - (-20 + 3 + 9)?
0
12 + 24 + -21 - 27
-12
0 + 5 + -6 + (-3 - 3)
-7
0 + -14 - (19 - 26)
-7
What is -2 + 0 - (-20 + 15) - 40?
-37
What is -23 - -26 - (5 + -6 + 0 + 1)?
3
-2 + (0 - 2) - (-1 + (-6 - -7))
-4
What is the value of -2 + (5 - 4) + -10 + 99 + -96?
-8
What is the value of -9 + 13 + -4 + (-6 - -1) - 0?
-5
Evaluate -40 + (25 - (-16 - -16)).
-15
-27 + 20 - (12 + 3)
-22
Evaluate -4 + -6 + 6 + 2 + -6 + 7.
-1
What is the value of (74 + -22 - -13) + -35?
30
Evaluate -5 + (2 - 1) - (67 - (37 + 15)).
-19
-24 - -1 - (-16 + (9 - (-11 - -8)))
-19
What is (1 - 4) + (21 + -9 - 14) + 28?
23
5 - (2 + (1 + 7 + -14 - -17))
-8
Calculate -19 + 18 + (-11 - -2).
-10
Evaluate (-3 - -28) + (5 - -4) + 0 + -9.
25
Calculate -11 - (0 + -8) - (-12 - -9).
0
What is the value of 2 - -6 - (-2 - -19)?
-9
Evaluate -15 + (19 - (0 - -13)).
-9
What is 0 - (12 + 16 + -37)?
9
What is the value of 3 - (-6 + -6 + (0 - -13))?
2
What is 2 + -11 + -2 + -5 + -39 + 74?
19
What is 55 + -60 - ((0 - 3 - 4) + -2)?
4
What is -13 - (7 + (-21 - 21))?
22
Calculate -14 + 6 + -24 + 9 + -3.
-26
Calculate (0 + 2 - 3) + 54 + -63.
-10
15 - ((4 - 9 - -8) + 8)
4
-17 - (-9 - 1 - (-5 + -7 - -8))
-11
(-1 - -13) + (10 - 6 - (-7 + 13))
10
Calculate -19 - (-18 + 9 + 6).
-16
Evaluate -30 + (12 + 15 - -20).
17
What is the value of 19 - (-15 - (-31 + 9))?
12
Calculate 14 + (-62 - -71 - (0 + 9)).
14
Calculate -38 + (28 - 10) - -4.
-16
Evaluate -13 - (22 - 23 - (3 + (1 - 14))).
-22
Evaluate 21 - (55 - 18 - 16).
0
Calculate 15 - (4 + (-1 - -3) - 0).
9
Calculate 0 + -6 + (0 - 23 - (153 + -163)).
-19
What is the value of (3 - -31) + -14 + 0 + -5?
15
Evaluate -14 + 8 + -4 - -5 - -8 - 24.
-21
(0 - (3 - (0 - -1))) + (221 - 232)
-13
What is 14 + 2 + -5 + 130 + -128?
13
What is the value of 4 + -5 - -5 - (-1 + 4 + -11)?
12
Evaluate -26 + 48 + -54 + 20.
-12
What is -70 + 35 + 68 - 13?
20
Calculate 2 - -1 - (2 - (14 + -13)).
2
Calculate (81 - 68) + -1 - (-13 + 0).
25
What is (-9 + 15 - 15) + (-1 - -6) + 15?
11
Calculate 3 + 12 + -3 - (-30 - -27).
15
What is the value of (4 - 4) + (-11 - -8) + 1 + 7?
5
-21 + 31 - 22 - -2
-10
Evaluate 2 - -4 - (-13 - (-3 + 14 + -17)).
13
What is 3 - -2 - (-5 + (-7 - -19))?
-2
What is 9 + -6 + -3 + 5 + 6?
11
What is 3 + 2 + -1 + -4 + -3?
-3
Calculate -19 - (-6 + (-28 - -22)).
-7
Calculate (1 - -1) + -8 + -18 + 28.
4
What is the value of 4 - (8 - (5 + -8)) - -8?
1
Evaluate 4 + -1 + -2 + (14 - 27).
-12
What is -309 + 307 + 1 + -19?
-20
(-17 - -9 - -34) + -12
14
Evaluate -30 + 38 - 6 - -9.
11
What is the value of -52 + 44 - (2 - 7)?
-3
(-2 - 2 - -4) + (-2 - -17) + 5
20
31 - 42 - (-24 - 0)
13
What is the value of 40 + -48 + (-3 - (3 + -1) - 6)?
-19
What is the value of 8 - (6 - (16 - 8))?
10
Calculate 12 + -2 + 8 + (22 - 19).
21
What is -14 + -4 + 18 + 7?
7
What is (1 - 7) + 13 + (0 - 12)?
-5
What is (-35 - 20) + 21 - -28?
-6
What is 10 + -26 - -35 - 9?
10
Evaluate 17 + (-12 - -7) + -1 + 1.
12
What is -13 - 8 - (79 + -81)?
-19
Calculate -6 + 1 + 6 - (6 - -5).
-10
Calculate 1 + -13 - (-330 - -328).
-10
Calculate 13 - (3 - -20) - (-3 + 1 + -6).
-2
1 - 2 - ((23 - 48) + 16)
8
Evaluate (-3 + 2 - -5) + (46 - 61) - -4.
-7
Calculate -11 + 0 - (-28 + 20).
-3
Calculate 30 - (3 - (27 + -33)).
21
1 + -50 - (-9 - (-5 + 6)) - -8
-31
Evaluate 7 - (-2 + 13) - (3 - (-8 - -8)).
-7
What is -1 - 6 - (59 - 86)?
20
Calculate -22 + (5 - -21 - -13).
17
What is the value of (-10 + 25 - 15) + 15?
15
Calculate -16 + 11 + -16 + 8.
-13
Evaluate (1 - (33 + -5)) + 43.
16
Calculate 5 + (-4 - (-9 + 3)) + (6 - 0).
13
Calculate (2 - -2) + (-1 - -3) + -12.
-6
What is 1 - -9 - (177 - 145)?
-22
Evaluate 2 - (-17 + 50) - -23.
-8
(-17 - -30) + -15 - (-2 + 0 + 5)
-5
What is the value of 191 - 192 - (-3 - (0 - 1)) - -11?
12
What is the value of 12 + -6 - 19 - ((-9 - 4) + 5)?
-5
(56 - 18) + -21 - 28
-11
What is the value of 57 - (68 - (19 - -4))?
12
Calculate (6 - (-1 + 3 - 0)) + 231 + -247.
-12
10 - ((12 - 23) + 21) - 15
-15
Calculate 9 + 5 + -30 + 28 + -1 + -7.
4
Calculate 9 - (3 + -5 + 14) - (-1 + -4).
2
Evaluate 1 - ((-4 - (-11 - -4 - -14)) + 4).
8
What is -2 - 7 - (18 + -28 + -2)?
3
What is -1 + (-17 - 0) + 0 - (28 - 34)?
-12
(7 - 0) + 0 + (-10 - 7)
-10
Cal